n factor of 216 and 666.
18
What is the highest common factor of 40 and 95?
5
Calculate the greatest common factor of 60 and 12.
12
What is the greatest common factor of 17344 and 271?
271
What is the greatest common divisor of 384 and 11264?
128
What is the greatest common divisor of 50 and 16?
2
What is the greatest common factor of 9 and 99?
9
Calculate the highest common factor of 483 and 21.
21
What is the greatest common factor of 31520 and 640?
160
Calculate the highest common divisor of 4446 and 650.
26
Calculate the highest common divisor of 49969 and 107.
107
Calculate the highest common factor of 16 and 176.
16
What is the greatest common divisor of 275 and 75?
25
Calculate the greatest common factor of 13 and 143.
13
What is the greatest common divisor of 28 and 364?
28
What is the greatest common factor of 90 and 110?
10
What is the highest common factor of 42 and 150?
6
Calculate the highest common divisor of 164 and 1066.
82
What is the highest common factor of 108 and 9612?
108
Calculate the highest common factor of 250 and 20.
10
What is the highest common factor of 60 and 36?
12
Calculate the highest common factor of 1628 and 297.
11
Calculate the highest common factor of 64 and 1088.
64
What is the highest common divisor of 91 and 203?
7
What is the greatest common factor of 270 and 90?
90
What is the highest common factor of 1230 and 15?
15
What is the greatest common divisor of 141 and 43851?
141
What is the highest common factor of 174 and 116?
58
Calculate the highest common factor of 78 and 117.
39
What is the highest common divisor of 4608 and 72?
72
What is the highest common divisor of 54 and 234?
18
What is the highest common divisor of 15 and 15?
15
What is the greatest common divisor of 74 and 629?
37
What is the greatest common divisor of 116 and 3973?
29
Calculate the highest common factor of 20 and 295.
5
Calculate the greatest common divisor of 1240 and 1640.
40
What is the highest common divisor of 407 and 11?
11
What is the highest common factor of 72 and 972?
36
Calculate the highest common factor of 29000 and 200.
200
Calculate the greatest common divisor of 314 and 3925.
157
Calculate the greatest common factor of 33 and 242.
11
Calculate the highest common factor of 456 and 190.
38
Calculate the highest common factor of 2706 and 264.
66
What is the highest common divisor of 9 and 21?
3
What is the greatest common factor of 754 and 26?
26
What is the highest common divisor of 129 and 7611?
129
Calculate the greatest common divisor of 189 and 28.
7
What is the highest common divisor of 36 and 72?
36
Calculate the highest common factor of 1104 and 598.
46
Calculate the highest common factor of 744 and 8277.
93
Calculate the greatest common factor of 8750 and 70.
70
Calculate the greatest common factor of 20 and 3090.
10
What is the highest common factor of 273 and 21?
21
What is the greatest common divisor of 3116 and 451?
41
Calculate the greatest common factor of 10 and 12.
2
What is the highest common divisor of 91 and 77?
7
What is the highest common factor of 25 and 200?
25
Calculate the highest common divisor of 243 and 10692.
243
Calculate the greatest common divisor of 824 and 515.
103
What is the highest common factor of 35 and 145?
5
What is the highest common factor of 29 and 899?
29
What is the greatest common divisor of 462 and 280?
14
What is the highest common divisor of 208 and 48?
16
What is the greatest common factor of 1664 and 640?
128
What is the greatest common divisor of 1 and 43?
1
What is the highest common divisor of 32 and 72?
8
What is the highest common factor of 35 and 1250?
5
Calculate the greatest common divisor of 1316 and 42.
14
Calculate the highest common factor of 171 and 45.
9
What is the greatest common factor of 26 and 962?
26
Calculate the highest common divisor of 24 and 24.
24
What is the greatest common factor of 490 and 105?
35
What is the highest common divisor of 245 and 140?
35
Calculate the highest common divisor of 45 and 11235.
15
What is the highest common divisor of 1116 and 72?
36
Calculate the greatest common divisor of 1007 and 304.
19
Calculate the highest common factor of 36 and 594.
18
Calculate the highest common factor of 24 and 216.
24
What is the highest common divisor of 77 and 56?
7
What is the highest common divisor of 1431 and 81?
27
Calculate the greatest common factor of 3703 and 483.
161
What is the highest common factor of 276 and 782?
46
What is the highest common divisor of 430 and 20?
10
Calculate the greatest common factor of 324 and 396.
36
What is the greatest common factor of 1891 and 305?
61
Calculate the highest common factor of 430 and 10.
10
What is the highest common divisor of 134 and 17018?
134
Calculate the greatest common divisor of 24 and 174.
6
Calculate the greatest common factor of 56 and 959.
7
Calculate the greatest common divisor of 305 and 11163.
61
Calculate the highest common factor of 10128 and 96.
48
What is the highest common factor of 168 and 288?
24
What is the highest common factor of 1846 and 13?
13
What is the greatest common factor of 14 and 112?
14
Calculate the greatest common divisor of 200 and 280.
40
What is the greatest common factor of 13268 and 107?
107
Calculate the greatest common factor of 35 and 3969.
7
What is the greatest common divisor of 11 and 1?
1
What is the highest common factor of 90 and 150?
30
Calculate the greatest common factor of 139 and 1251.
139
Calculate the greatest common divisor of 103 and 1854.
103
What is the highest common factor of 74 and 11100?
74
Calculate the highest common divisor of 280 and 8.
8
Calculate the greatest common factor of 3731 and 2296.
287
What is the highest common divisor of 1122 and 136?
34
What is the greatest common divisor of 1405 and 10397?
281
Calculate the greatest common divisor of 1071 and 189.
63
What is the greatest common factor of 495 and 45?
45
Calculate the greatest common factor of 91 and 26.
13
What is the highest common divisor of 156 and 168?
12
Calculate the highest common factor of 85 and 245.
5
What is the highest common divisor of 368 and 512?
16
Calculate the highest common factor of 1940 and 20.
20
What is the greatest common factor of 39 and 39?
39
What is the greatest common divisor of 19985 and 35?
35
What is the highest common divisor of 31886 and 428?
214
What is the greatest common divisor of 540 and 80?
20
What is the highest common divisor of 19 and 9101?
19
What is the greatest common factor of 405 and 180?
45
What is the highest common factor of 305 and 122?
61
What is the greatest common factor of 1364 and 1672?
44
Calculate the greatest common divisor of 2785 and 10.
5
Calculate the greatest common factor of 3402 and 56.
14
Calculate the highest common divisor of 182 and 2.
2
What is the greatest common factor of 96 and 1392?
48
What is the highest common divisor of 20 and 1245?
5
What is the greatest common divisor of 522 and 986?
58
Calculate the greatest common divisor of 248 and 186.
62
What is the highest common factor of 37 and 407?
37
Calculate the greatest common divisor of 84 and 32.
4
Calculate the highest common factor of 133 and 609.
7
Calculate the greatest common divisor of 486 and 117.
9
What is the greatest common divisor of 1485 and 10?
5
What is the highest common factor of 20 and 124?
4
Calculate the greatest common factor of 124 and 1798.
62
Calculate the greatest common factor of 3969 and 1225.
49
Calculate the greatest common factor of 1261 and 13.
13
What is the highest common factor of 36 and 720?
36
What is the highest common factor of 74 and 6142?
74
What is the greatest common factor of 170 and 238?
34
What is the greatest common factor of 594 and 1944?
54
Calculate the highest common divisor of 27 and 2619.
27
Calculate the greatest common divisor of 132 and 242.
22
What is the greatest common divisor of 884 and 680?
68
What is the highest common divisor of 4 and 25?
1
Calculate the greatest common factor of 3075 and 75.
75
Calculate the greatest common divisor of 156 and 13104.
156
What is the greatest common factor of 832 and 13?
13
Calculate the greatest common factor of 18 and 342.
18
Calculate the highest common divisor of 18220 and 80.
20
What is the greatest common diviso